{"id":21,"date":"2009-10-30T09:14:40","date_gmt":"2009-10-30T07:14:40","guid":{"rendered":"http:\/\/montessori-schule-duesseldorf-sued.de\/projekte\/?page_id=21"},"modified":"2017-06-03T11:08:10","modified_gmt":"2017-06-03T10:08:10","slug":"impressum","status":"publish","type":"page","link":"https:\/\/www.montessori-schule-duesseldorf-sued.de\/projekte\/?page_id=21","title":{"rendered":"Impressum"},"content":{"rendered":"<h1>Impressum<\/h1>\n<p><strong>St\u00e4dtische Montessori-Grundschule<\/strong><br \/>\n<strong> Emil-Barth-Str. 45, 40595 D\u00fcsseldorf<\/strong><\/p>\n<p><strong> Schulleitung:<\/strong> Sandra Gehrke<\/p>\n<p><strong>Tel.:<\/strong> 0211 \/ 89-24848<br \/>\n<strong>Fax:<\/strong> 0211 \/ 89-24863<\/p>\n<p><strong>email:<\/strong> <a class=\"linkification-ext\" title=\"Linkification: mailto:sekretariat.emilbarthstr-mg@schule.duesseldorf.de\" href=\"mailto:sekretariat.emilbarthstr-mg@schule.duesseldorf.de\">sekretariat.emilbarthstr-mg@schule.duesseldorf.de<\/a><\/p>\n<p><strong>Schultr\u00e4ger (\u00e4u\u00dfere Schulangelegenheiten):<\/strong><br \/>\nLandeshauptstadt D\u00fcsseldorf<br \/>\nvertreten durch den Oberb\u00fcrgermeister<br \/>\nRathaus &#8211; Marktplatz 2, 40213 D\u00fcsseldorf<br \/>\n<a class=\"linkification-ext\" title=\"Linkification: mailto:info@duesseldorf.de\" href=\"mailto:info@duesseldorf.de\">info@duesseldorf.de<\/a><\/p>\n<p><strong>Rechtstr\u00e4ger der Schule (innere Schulangelegenheiten):<\/strong><br \/>\nMinisterium f\u00fcr Schule und Weiterbildung des Landes <acronym title=\"Nordrhein-Westfalen\">NRW<\/acronym><br \/>\n40190 D\u00fcsseldorf<br \/>\n<a class=\"linkification-ext\" title=\"Linkification: mailto:poststelle@msw.nrw.de\" href=\"mailto:poststelle@msw.nrw.de\">poststelle@msw.nrw.de<\/a><\/p>\n<p><strong>Verantwortlich(e) f\u00fcr den Inhalt:<\/strong><br \/>\nSandra Gehrke<br \/>\nSt\u00e4dtische Montessori-Grundschule<br \/>\nEmil-Barth-Str. 45, 40595 D\u00fcsseldorf<\/p>\n","protected":false},"excerpt":{"rendered":"<p>Impressum St\u00e4dtische Montessori-Grundschule Emil-Barth-Str. 45, 40595 D\u00fcsseldorf Schulleitung: Sandra Gehrke Tel.: 0211 \/ 89-24848 Fax: 0211 \/ 89-24863 email: sekretariat.emilbarthstr-mg@schule.duesseldorf.de Schultr\u00e4ger (\u00e4u\u00dfere Schulangelegenheiten): Landeshauptstadt D\u00fcsseldorf vertreten durch den Oberb\u00fcrgermeister Rathaus &#8211; Marktplatz 2, 40213 D\u00fcsseldorf info@duesseldorf.de Rechtstr\u00e4ger der Schule (innere &hellip; <a href=\"https:\/\/www.montessori-schule-duesseldorf-sued.de\/projekte\/?page_id=21\">Weiterlesen <span class=\"meta-nav\">&rarr;<\/span><\/a><\/p>\n","protected":false},"author":13,"featured_media":0,"parent":0,"menu_order":0,"comment_status":"closed","ping_status":"closed","template":"","meta":[],"_links":{"self":[{"href":"https:\/\/www.montessori-schule-duesseldorf-sued.de\/projekte\/index.php?rest_route=\/wp\/v2\/pages\/21"}],"collection":[{"href":"https:\/\/www.montessori-schule-duesseldorf-sued.de\/projekte\/index.php?rest_route=\/wp\/v2\/pages"}],"about":[{"href":"https:\/\/www.montessori-schule-duesseldorf-sued.de\/projekte\/index.php?rest_route=\/wp\/v2\/types\/page"}],"author":[{"embeddable":true,"href":"https:\/\/www.montessori-schule-duesseldorf-sued.de\/projekte\/index.php?rest_route=\/wp\/v2\/users\/13"}],"replies":[{"embeddable":true,"href":"https:\/\/www.montessori-schule-duesseldorf-sued.de\/projekte\/index.php?rest_route=%2Fwp%2Fv2%2Fcomments&post=21"}],"version-history":[{"count":15,"href":"https:\/\/www.montessori-schule-duesseldorf-sued.de\/projekte\/index.php?rest_route=\/wp\/v2\/pages\/21\/revisions"}],"predecessor-version":[{"id":3035,"href":"https:\/\/www.montessori-schule-duesseldorf-sued.de\/projekte\/index.php?rest_route=\/wp\/v2\/pages\/21\/revisions\/3035"}],"wp:attachment":[{"href":"https:\/\/www.montessori-schule-duesseldorf-sued.de\/projekte\/index.php?rest_route=%2Fwp%2Fv2%2Fmedia&parent=21"}],"curies":[{"name":"wp","href":"https:\/\/api.w.org\/{rel}","templated":true}]}}